lse
Is 76961 composite?
False
Is 792958 a prime number?
False
Is 1450979 a composite number?
False
Is 80683 composite?
False
Is 336857 a composite number?
False
Is 43341 a composite number?
True
Is 2053 a composite number?
False
Is 12287 prime?
False
Is 647189 composite?
False
Is 53797 a prime number?
False
Is 23159 a composite number?
False
Is 182887 prime?
True
Is 2778277 a prime number?
True
Is 447 composite?
True
Is 346811 prime?
False
Is 449879 composite?
False
Is 191969 a prime number?
True
Is 257038 composite?
True
Is 744317 a composite number?
True
Is 72989 composite?
True
Is 2836481 a prime number?
True
Is 60877 prime?
False
Is 14197 a prime number?
True
Is 2352761 a prime number?
True
Is 352661 composite?
False
Is 70529 composite?
False
Is 284263 composite?
True
Is 91997 a prime number?
True
Is 4333 composite?
True
Is 3127 a composite number?
True
Is 212973 prime?
False
Is 16127 composite?
False
Is 77761 a prime number?
True
Is 2599 a prime number?
False
Is 35419 a composite number?
False
Is 45827 a prime number?
True
Is 195877 prime?
False
Is 466517 prime?
True
Is 626 a prime number?
False
Is 135587 prime?
False
Is 16622 prime?
False
Is 585127 a prime number?
False
Is 6999 prime?
False
Is 9479 a composite number?
False
Is 1217 a composite number?
False
Is 96461 a prime number?
True
Is 13523 a prime number?
True
Is 326681 composite?
False
Is 69383 a prime number?
True
Is 242911 a composite number?
False
Is 259 a prime number?
False
Is 79783 prime?
False
Is 25661 composite?
True
Is 435973 a prime number?
True
Is 7243 prime?
True
Is 139681 composite?
False
Is 4201 a composite number?
False
Is 1091359 prime?
True
Is 30181 a composite number?
False
Is 60353 prime?
True
Is 9149 a prime number?
False
Is 985433 a prime number?
True
Is 13121 composite?
False
Is 195409 prime?
False
Is 79031 composite?
False
Is 132817 prime?
True
Is 26891 a composite number?
False
Is 122657 a prime number?
False
Is 103333 a prime number?
True
Is 374521 a composite number?
True
Is 2604163 prime?
True
Is 5581 composite?
False
Is 68167 prime?
False
Is 75169 a prime number?
True
Is 837761 composite?
True
Is 30679 composite?
True
Is 20158 composite?
True
Is 9974 composite?
True
Is 10007 a composite number?
False
Is 49017 prime?
False
Is 540091 a prime number?
False
Is 13682 a prime number?
False
Is 2503 composite?
False
Is 9895 prime?
False
Is 90787 prime?
True
Is 319237 composite?
False
Is 197447 prime?
False
Is 29603 prime?
False
Is 44629 a prime number?
False
Is 16519 a prime number?
True
Is 677531 a prime number?
True
Is 34205 prime?
False
Is 3397 a prime number?
False
Is 16331 a prime number?
False
Is 617311 prime?
True
Is 560281 composite?
False
Is 1963303 prime?
False
Is 783961 prime?
False
Is 9859 a composite number?
False
Is 291677 a composite number?
False
Is 77437 a composite number?
True
Is 39454 a prime number?
False
Is 59201 prime?
False
Is 51259 composite?
True
Is 735461 composite?
False
Is 11923 a composite number?
False
Is 6007 prime?
True
Is 3943 a prime number?
True
Is 183151 composite?
False
Is 612511 a prime number?
True
Is 557 a composite number?
False
Is 78865 prime?
False
Is 130769 prime?
True
Is 1369 a composite number?
True
Is 17519 prime?
True
Is 14813 prime?
True
Is 4387 a prime number?
False
Is 22769 a prime number?
True
Is 30931 a composite number?
False
Is 17923 prime?
True
Is 69887 prime?
False
Is 40643 prime?
False
Is 2743 a composite number?
True
Is 87554 prime?
False
Is 1733 a prime number?
True
Is 10079 composite?
False
Is 18337 a prime number?
False
Is 5167 composite?
False
Is 293602 a composite number?
True
Is 84913 a prime number?
True
Is 152981 prime?
True
Is 548533 prime?
True
Is 34241 prime?
False
Is 10319 a composite number?
True
Is 73991 composite?
True
Is 959311 prime?
False
Is 9029 composite?
False
Is 20071 a prime number?
True
Is 278353 prime?
True
Is 21859 a prime number?
True
Is 4177 composite?
False
Is 6598 a prime number?
False
Is 20593 a composite number?
False
Is 79941 a composite number?
True
Is 1656791 a prime number?
True
Is 2109671 prime?
True
Is 59051 prime?
True
Is 25613 composite?
True
Is 28727 a composite number?
True
Is 1439 composite?
False
Is 26905 a prime number?
False
Is 133349 a prime number?
True
Is 2749 a composite number?
False
Is 29081 a composite number?
True
Is 447611 composite?
False
Is 21143 prime?
True
Is 75503 a prime number?
True
Is 40997 a prime number?
False
Is 52541 prime?
True
Is 232409 a composite number?
False
Is 9487 a prime number?
False
Is 19661 a prime number?
True
Is 23753 prime?
True
Is 5245 a composite number?
True
Is 3419 composite?
True
Is 1440487 a composite number?
True
Is 131959 prime?
True
Is 103171 a composite number?
False
Is 29485 a prime number?
False
Is 2701 a composite number?
True
Is 336967 composite?
True
Is 478658 prime?
False
Is 450627 a composite number?
True
Is 18949 a composite number?
True
Is 93371 prime?
True
Is 131491 prime?
False
Is 2508169 composite?
True
Is 940157 prime?
True
Is 79793 prime?
False
Is 5531827 a composite number?
True
Is 2561 a composite number?
True
Is 44771 prime?
True
Is 152459 prime?
True
Is 5261 composite?
False
Is 551483 prime?
True
Is 981599 composite?
False
Is 18163 a prime number?
False
Is 356647 composite?
False
Is 58445 a prime number?
False
Is 2554 composite?
True
Is 54829 composite?
False
Is 1160743 a prime number?
False
Is 733277 a prime number?
True
Is 1961 prime?
False
Is 121043 a composite number?
True
Is 932359 a prime number?
False
Is 47469 prime?
False
Is 152753 prime?
True
Is 42739 composite?
True
Is 20863 a composite number?
True
Is 280639 prime?
True
Is 84377 a composite number?
False
Is 375853 prime?
False
Is 1123 a composite number?
False
Is 41359 prime?
False
Is 141851 composite?
False
Is 36433 prime?
True
Is 38531 prime?
False
Is 100333 prime?
True
Is 2722 prime?
False
Is 2096357 a composite number?
False
Is 2971 a composite number?
False
Is 9431 a composite number?
False
Is 568907 composite?
False
Is 267 a prime number?
False
Is 51641 composite?
True
Is 19001 composite?
False
Is 35753 composite?
False
Is 214117 a composite number?
True
Is 44291 prime?
False
Is 1262 a composite number?
True
Is 595621 a prime number?
False
Is 1779 composite?
True
Is 242659 composite?
False
Is 4001 composite?
False
Is 81419 a prime number?
False
Is 1318117 a composite number?
True
Is 859 a prime number?
True
Is 157709 a prime number?
False
Is 231701 composite?
False
Is 36973 a prime number?
True
Is 152017 prime?
True
Is 3144059 a composite number?
False
Is 1135 a prime number?
False
Is 189503 a prime number?
False
Is 69557 composite?
False
Is 68881 a prime number?
True
Is 14173 a prime number?
True
Is 1651 prime?
False
Is 14923 a prime number?
True
Is 29911 a composite number?
True
Is 7613 composite?
True
Is 6997 composite?
False
Is 46853 prime?
True
Is 9979 prime?
False
Is 4834 composite?
True
Is 24385 a composite number?
True
Is 291887 a composite number?
False
Is 3222763 a prime number?
True
Is 13339 a composite number?
False
Is 9521 a prime number?
True
Is 52289 a prime number?
True
Is 272531 a prime number?
False
Is 4201 a composite number?
False
Is 13521 a composite number?
True
Is 23459 composite?
False
Is 35009 composite?
True
Is 8499 a composite number?
True
Is 1637 a prime number?
True
Is 45707 a composite number?
False
Is 17521 composite?
True
Is 481 prime?
False
Is 237715 a prime number?
False
Is 6079 a prime number?
True
Is 4597 composite?
False
Is 311165 a composite number?
True
Is 4103 a prime number?
False
Is 3872705 prime?
False
Is 282826 a prime number?
False
Is 9101 composite?
True
Is 742019 a composite number?
True
Is 667417 a prime number?
True
Is 17213 composite?
True
Is 293 prime?
True
Is 8285 a composite number?
True
Is 60757 prime?
True
Is 6911 prime?
True
Is 211 a prime number?
True
Is 14179 a composite number?
True
Is 499846 a prime number?
False
Is 49809 prime?
False
Is 36263 composite?
False
Is 23755 a prime number?
False
Is 85553 a prime number?
False
Is 12871 composite?
True
Is 141257 prime?
True
Is 3513 composite?
True
Is 791191 a prime number?
True
Is 205201 a composite number?
False
Is 3918146 composite?
True
Is 211 a composite number?
False
Is 479 composite?
False
Is 20417 prime?
False
Is 